hat is the highest common divisor of c and 27?
9
Suppose m - 4*l = -8*l + 36, -4*l + 4 = -m. Let f be (0 + -30)*m/(-10). Calculate the greatest common factor of f and 12.
12
Let v = 164 - 144. Let g(c) = -c**2 - 4*c + 4. Let i be g(-4). Suppose -8 - 4 = -4*b, -5*b = i*m - 95. What is the highest common divisor of m and v?
20
Let m(c) = 49*c + 71. Let g be m(9). What is the highest common divisor of 96 and g?
32
Suppose 0 = -3*x - 6, 5*d - d + x = 298. Suppose 2*i + 7*u - 42 = 10*u, -3*i = 2*u - 37. Calculate the highest common divisor of d and i.
15
Let r be (30/8)/((-19)/(-5320)). What is the highest common divisor of 140 and r?
70
Suppose -4*v = -3*p + 4, -5*p - v = -29 + 7. Let q be ((-20)/(-4) - p)*92. Suppose -2*o = -q - 28. Calculate the greatest common factor of o and 20.
20
Let k = 88 + 137. What is the highest common divisor of 50 and k?
25
Suppose -23*y = -15*y - 56. Let n(k) = 21*k - 66. Let l be n(y). What is the highest common factor of 54 and l?
27
Let y = 48 - 45. Suppose y*a = -0*n - n + 28, 4*n + 32 = 4*a. What is the greatest common factor of 99 and a?
9
Let m(c) = 3*c**2 + 24*c - 59. Let g be m(3). Suppose 4*l = 3*u + 33, -15 = -0*u - 3*u. Suppose l*n - g = 4*n. Calculate the greatest common factor of 40 and n.
5
Suppose -8 = o + o, -3*o + 803 = 5*k. Suppose k = 5*m - 17. Calculate the highest common divisor of m and 4.
4
Let p(k) = -8*k - 12. Let d be p(-3). What is the highest common divisor of d and 276?
12
Let r be (-8)/56 + ((-132)/7 - -1). Let j(c) = c**3 - 5*c**2 - 4*c + 3. Let t be j(3). Let q = r - t. What is the highest common divisor of 9 and q?
9
Let p be 10727/(-68) + 1/(-4). Let f = 348 + p. Calculate the highest common divisor of 38 and f.
38
Suppose 25 = -10*v - 735. Let f = v + 196. Calculate the highest common divisor of f and 40.
40
Suppose 183 - 103 = 8*m. Calculate the greatest common factor of m and 1250.
10
Suppose 5*w - 36 = -4*w. Suppose 5*c - 36 = -7*i + 5*i, w*i + 3*c - 58 = 0. What is the greatest common divisor of 117 and i?
13
Let i = -99 - -403. Let p be 6 + 35 + (9 + 0)/(-3). What is the greatest common factor of p and i?
38
Suppose -5*u + 2*u = -189. Let q = u - 21. What is the greatest common divisor of q and 6?
6
Let a(i) = 3*i + 81. Let h be a(5). Calculate the greatest common factor of h and 72.
24
Suppose -r - 27 = 4*l - 515, -r = l - 119. What is the greatest common factor of l and 3?
3
Suppose -24*r - 263 = -1871. What is the greatest common divisor of r and 134?
67
Suppose -6*p + 7467 = 1383. Calculate the highest common factor of 312 and p.
78
Let n = 102 - 100. What is the greatest common divisor of n and 16?
2
Let n = -887 - -976. What is the greatest common divisor of 2047 and n?
89
Suppose c = -120 + 128. What is the greatest common factor of c and 32?
8
Let q(t) = -t + 28. Let i be q(0). Suppose 8*k - 6*k = 6. Let u be (-1341)/(-6) - k/6*-1. Calculate the greatest common factor of i and u.
28
Let t be (9 + -8)/2 - 54/(-4). What is the greatest common divisor of 2 and t?
2
Let a(d) = 44*d - 285. Let l be a(8). Calculate the greatest common divisor of 201 and l.
67
Suppose -17*j + 25*j - 56 = 0. Calculate the greatest common divisor of 1351 and j.
7
Suppose 0*t = 2*t - 6. Suppose -t*s + 15 + 0 = 0. Suppose -3*j - 4*p + 246 = -2*p, 3*j - s*p - 225 = 0. What is the greatest common divisor of j and 10?
10
Let z(b) = -b**3 - 8*b**2 + 6*b - 12. Let t be z(-10). Let l be 1 + (-3 - (-32 - 2)). What is the highest common divisor of t and l?
32
Let m(b) = -b**2 + 12*b. Let d be m(11). Suppose 0*u = u - d. Let y = -4 + u. Calculate the highest common divisor of y and 7.
7
Suppose 0 = 3*n - 5*d - 1, -5*n = 5*d - 15. Suppose -i + n*i + 7 = o, 53 = 3*o + 5*i. What is the greatest common factor of o and 99?
11
Suppose -14*q - 8 = -10*q. Let z be (-7 + 10)/(3/q). Let u(t) = t**2 - 3*t - 7. Let k be u(z). What is the greatest common factor of 33 and k?
3
Let y(j) = -j + 13. Let i be y(-9). Suppose x = l - i, 3*l - l - 3*x = 48. What is the greatest common divisor of 198 and l?
18
Let t(h) = 4*h - 104. Let w be t(35). Calculate the highest common factor of 258 and w.
6
Suppose 0*t + t = 10. Suppose 7*n - 5*n - 140 = -5*i, 0 = 3*i. Suppose 0 = 5*m + 4*s - n, -2*s + 0 = -10. What is the greatest common divisor of m and t?
10
Let c(q) = -8*q - 2 + 20*q + 350*q. Let j be c(1). What is the highest common factor of 45 and j?
45
Let o(b) = -b + 10. Let k be o(7). Let f(r) = -r + 28. Let x be f(16). What is the greatest common divisor of k and x?
3
Let l(p) = -6*p**3 - p - 2. Let v be l(-1). Suppose 0 = -2*x + v*m + 102, 9*x + 3*m = 4*x + 193. Calculate the greatest common divisor of x and 369.
41
Let z(p) = -8*p**2 + 26*p**2 + 7*p - 4 - 22*p**2 + p**3. Suppose -v = v - 8. Let n be z(v). Calculate the highest common divisor of n and 60.
12
Suppose 3*z + 2*p = -12, -2*z + p = 3*z + 33. Let f be (16/3)/(z/(-9)). Suppose -12*t + 24 = -f*t. Calculate the greatest common factor of t and 30.
6
Let a = -4 + -4. Let h = -4 - a. Suppose i = -h*i + 550. What is the highest common factor of 10 and i?
10
Let l(g) = 10*g**2 + 4*g - 1. Let t be l(-3). Let h = 41 - 30. What is the greatest common divisor of h and t?
11
Let b = -350 + 566. Calculate the highest common factor of b and 180.
36
Let a be ((-628)/(-14))/(6/21). Let q = a + -150. Calculate the greatest common factor of q and 1.
1
Let k = -35 - -75. Let p be 434/(-124)*52/(-7)*1. Let u = k - p. Calculate the greatest common divisor of 7 and u.
7
Suppose -2*j - 5 = -17. Let q = 0 + j. Suppose -4*b - 2*r + q = 0, 1 + 6 = 5*b + 3*r. Calculate the greatest common factor of b and 18.
2
Suppose 6*m = 72 + 96. Calculate the highest common factor of 700 and m.
28
Suppose -2*j = 4*j - 30. Suppose -j*s + 476 = 5*m + 21, 5*s = -m + 439. Calculate the greatest common factor of 58 and s.
29
Suppose -2*v + 5401 = -11559. Let r be v/50 - 4*2/(-20). Calculate the highest common divisor of r and 10.
10
Let d = 28 + -24. Suppose -4*w + 59 = -w + d*o, 3*o = w + 2. What is the greatest common divisor of w and 91?
13
Let u(a) = a**3 + 4*a**2 + 1. Let t be u(-3). Let p(f) = f - 3. Let i be p(-2). Let o be i*(-32*1)/4. What is the highest common divisor of o and t?
10
Let o be -1 + (-7)/(-2) - 3/(-6). Suppose 0 = 2*k + o*k - 100. Suppose f + 10 = 3*f. Calculate the greatest common factor of f and k.
5
Let m(o) = -o**2 - 8*o - 2. Let k be m(-7). Suppose 2*c - 2*z = 6, k*z = -7*c + 3*c + 57. What is the greatest common divisor of c and 6?
2
Let g be (3/9)/(3145/(-1050) + 3). What is the highest common factor of 875 and g?
35
Let i = -39 - -43. Suppose -5*m + 370 = 5*a, i*a - 7*a - 268 = -4*m. Calculate the highest common divisor of 10 and m.
10
Let c be (-85)/(-3) - 4/12. Let n(x) = -13*x. Let p be n(-1). Let h(j) = j**2 - 11*j + 2. Let r be h(p). What is the highest common factor of c and r?
28
Suppose 5*s + 742 = 3*s. Let d = 536 + s. What is the greatest common divisor of d and 15?
15
Suppose 110*l - 104*l - 684 = 0. What is the highest common factor of 3 and l?
3
Let j be 7 - 1*(4 + -5). Let h(x) = 2*x + 8. Let k be h(6). What is the greatest common factor of k and j?
4
Let m be (-27)/5 - 2/(-5). Let t(q) = -q - 3. Let b be t(m). Let h be -2 - (-1)/b*46. What is the greatest common divisor of h and 42?
21
Let y be 6 - -1 - (-565 - 52). Calculate the highest common divisor of 48 and y.
48
Let q(r) = -38*r**3 - r**2 - 2*r - 1. Let i be q(-1). Let z = -4 + i. Calculate the highest common factor of z and 85.
17
Suppose 34 = -5*i + 154. Suppose 11 = 4*t + 5*r - 1, -4*t - 2*r = -i. Let u be (1/(-2))/((-2)/256). Calculate the highest common divisor of u and t.
8
Let c(s) = -s**3 - 5*s**2 + 78. Let j be c(0). What is the greatest common divisor of 130 and j?
26
Let a(w) = -w**2 - 7*w + 1. Let d be a(-6). Suppose -d*t - 10 + 52 = 0. Calculate the greatest common divisor of t and 12.
6
Let q(a) = -64*a - 180. Let k be q(-3). What is the highest common divisor of k and 92?
4
Let d be (-8)/7 - 6731/(-371). What is the greatest common factor of d and 5?
1
Suppose 4460*p - 4466*p + 2550 = 0. What is the greatest common divisor of 102 and p?
17
Let z(v) = -84*v + 33. Let b(d) = 126*d - 50. Let c(m) = -5*b(m) - 8*z(m). Let u be c(2). Calculate the greatest common factor of u and 10.
10
Suppos